, 13, 23
What are the prime factors of 2928?
2, 3, 61
List the prime factors of 3345.
3, 5, 223
List the prime factors of 40824.
2, 3, 7
What are the prime factors of 813?
3, 271
List the prime factors of 3588.
2, 3, 13, 23
List the prime factors of 5904.
2, 3, 41
List the prime factors of 16870.
2, 5, 7, 241
List the prime factors of 2111.
2111
List the prime factors of 511.
7, 73
What are the prime factors of 99328?
2, 97
What are the prime factors of 20448?
2, 3, 71
List the prime factors of 7551.
3, 839
List the prime factors of 8501.
8501
What are the prime factors of 3317?
31, 107
List the prime factors of 509.
509
List the prime factors of 5686.
2, 2843
What are the prime factors of 885?
3, 5, 59
What are the prime factors of 2516?
2, 17, 37
What are the prime factors of 5415?
3, 5, 19
List the prime factors of 4194.
2, 3, 233
What are the prime factors of 10934?
2, 7, 11, 71
What are the prime factors of 538?
2, 269
List the prime factors of 3361.
3361
What are the prime factors of 14382?
2, 3, 17, 47
What are the prime factors of 37?
37
What are the prime factors of 1390?
2, 5, 139
What are the prime factors of 55721?
55721
List the prime factors of 747.
3, 83
List the prime factors of 32542.
2, 53, 307
List the prime factors of 32.
2
List the prime factors of 871.
13, 67
What are the prime factors of 26357?
26357
What are the prime factors of 4886?
2, 7, 349
List the prime factors of 3176.
2, 397
What are the prime factors of 16991?
13, 1307
What are the prime factors of 1188?
2, 3, 11
What are the prime factors of 164555?
5, 32911
What are the prime factors of 114606?
2, 3, 6367
What are the prime factors of 2623?
43, 61
What are the prime factors of 1666?
2, 7, 17
List the prime factors of 8235.
3, 5, 61
What are the prime factors of 7911?
3, 293
What are the prime factors of 272?
2, 17
What are the prime factors of 2641?
19, 139
What are the prime factors of 65900?
2, 5, 659
What are the prime factors of 6705?
3, 5, 149
What are the prime factors of 3424?
2, 107
What are the prime factors of 1094?
2, 547
What are the prime factors of 2277?
3, 11, 23
What are the prime factors of 851?
23, 37
What are the prime factors of 2042?
2, 1021
What are the prime factors of 1133?
11, 103
What are the prime factors of 133142?
2, 66571
What are the prime factors of 27449?
27449
What are the prime factors of 692?
2, 173
What are the prime factors of 53605?
5, 71, 151
What are the prime factors of 3142?
2, 1571
What are the prime factors of 11653?
43, 271
List the prime factors of 2068.
2, 11, 47
What are the prime factors of 5977?
43, 139
List the prime factors of 6798.
2, 3, 11, 103
List the prime factors of 18448.
2, 1153
List the prime factors of 277.
277
List the prime factors of 15840.
2, 3, 5, 11
List the prime factors of 549.
3, 61
List the prime factors of 581.
7, 83
What are the prime factors of 3656?
2, 457
What are the prime factors of 3463?
3463
List the prime factors of 2098.
2, 1049
What are the prime factors of 56632?
2, 7079
What are the prime factors of 143460?
2, 3, 5, 797
What are the prime factors of 40131?
3, 7, 13
What are the prime factors of 1054?
2, 17, 31
What are the prime factors of 1100?
2, 5, 11
List the prime factors of 13195.
5, 7, 13, 29
What are the prime factors of 16228?
2, 4057
What are the prime factors of 1596?
2, 3, 7, 19
What are the prime factors of 1131?
3, 13, 29
List the prime factors of 4660.
2, 5, 233
What are the prime factors of 107501?
193, 557
List the prime factors of 277.
277
What are the prime factors of 105067?
29, 3623
What are the prime factors of 19246?
2, 9623
List the prime factors of 6873.
3, 29, 79
List the prime factors of 1945.
5, 389
List the prime factors of 771.
3, 257
What are the prime factors of 1234?
2, 617
What are the prime factors of 6606?
2, 3, 367
What are the prime factors of 2975?
5, 7, 17
What are the prime factors of 10890?
2, 3, 5, 11
What are the prime factors of 12269?
12269
List the prime factors of 5784.
2, 3, 241
List the prime factors of 9788.
2, 2447
What are the prime factors of 16169?
19, 23, 37
List the prime factors of 33336.
2, 3, 463
List the prime factors of 3218.
2, 1609
List the prime factors of 1459.
1459
What are the prime factors of 70687?
70687
What are the prime factors of 45254?
2, 11, 17
What are the prime factors of 11473?
7, 11, 149
What are the prime factors of 39439?
39439
List the prime factors of 1389.
3, 463
What are the prime factors of 110618?
2, 19, 41, 71
What are the prime factors of 51038?
2, 13, 151
What are the prime factors of 3882?
2, 3, 647
List the prime factors of 152.
2, 19
What are the prime factors of 6768?
2, 3, 47
What are the prime factors of 3953?
59, 67
What are the prime factors of 120606?
2, 3, 20101
What are the prime factors of 273?
3, 7, 13
What are the prime factors of 3100?
2, 5, 31
List the prime factors of 10803.
3, 13, 277
What are the prime factors of 3364?
2, 29
List the prime factors of 12019.
7, 17, 101
List the prime factors of 29691.
3, 3299
What are the prime factors of 467?
467
What are the prime factors of 13185?
3, 5, 293
What are the prime factors of 2505?
3, 5, 167
What are the prime factors of 55720?
2, 5, 7, 199
What are the prime factors of 8714?
2, 4357
What are the prime factors of 3432?
2, 3, 11, 13
What are the prime factors of 61495?
5, 7, 251
List the prime factors of 4268.
2, 11, 97
List the prime factors of 1187.
1187
What are the prime factors of 395?
5, 79
What are the prime factors of 395?
5, 79
List the prime factors of 9075.
3, 5, 11
What are the prime factors of 13741?
7, 13, 151
What are the prime factors of 3082?
2, 23, 67
List the prime factors of 77.
7, 11
List the prime factors of 103041.
3, 107
List the prime factors of 18915.
3, 5, 13, 97
What are the prime factors of 22748?
2, 11, 47
List the prime factors of 2743.
13, 211
What are the prime factors of 3302?
2, 13, 127
List the prime factors of 780.
2, 3, 5, 13
What are the prime factors of 334?
2, 167
List the prime factors of 47627.
97, 491
What are the prime factors of 1186?
2, 593
What are the prime factors of 2923?
37, 79
What are the prime factors of 448?
2, 7
List the prime factors of 30915.
3, 5, 229
List the prime factors of 8305.
5, 11, 151
What are the prime factors of 6185?
5, 1237
What are the prime factors of 13711?
13711
List the prime factors of 2012.
2, 503
What are the prime factors of 360?
2, 3, 5
List the prime factors of 13946.
2, 19, 367
What are the prime factors of 1068?
2, 3, 89
What are the prime factors of 16886?
2, 8443
What are the prime factors of 886?
2, 443
List the prime factors of 4357.
4357
List the prime factors of 3632.
2, 227
List the prime factors of 7874.
2, 31, 127
What are the prime factors of 9486?
2, 3, 17, 31
List the prime factors of 231.
3, 7, 11
List the prime factors of 1060.
2, 5, 53
List the prime factors of 5376.
2, 3, 7
What are the prime factors of 7068?
2, 3, 19, 31
What are the prime factors of 1295?
5, 7, 37
List the prime factors of 9589.
43, 223
What are the prime factors of 2995?
5, 599
What are the prime factors of 2558?
2, 1279
What are the prime factors of 597?
3, 199
List the prime factors of 28414.
2, 14207
What are the prime factors of 13378?
2, 6689
List the prime factors of 164649.
3, 71, 773
List the prime factors of 1636.
2, 409
List the prime factors of 318.
2, 3, 53
List the prime factors of 1016.
2, 127
What are the prime factors of 4581?
3, 509
List the prime factors of 20436.
2, 3, 13, 131
List the prime factors of 26740.
2, 5, 7, 191
List the prime factors of 7381.
11, 61
List the prime factors of 5364.
2, 3, 149
List the prime factors of 484.
2, 11
List the prime factors of 182.
2, 7, 13
What are the prime factors of 42321?
3, 14107
List the prime factors of 370.
2, 5, 37
What are the prime factors of 819?
3, 7, 13
What are the prime factors of 133239?
3, 23, 1931
List the prime factors of 28537.
28537
List the prime factors of 1073.
29, 37
List the prime factors of 78.
2, 3, 13
List the prime factors of 723.
3, 241
What are the prime factors of 35613?
3, 1319
List the prime factors of 153.
3, 17
What are the prime factors of 42047?
19, 2213
What are the prime factors of 8245?
5, 17, 97
List the prime factors of 505.
5, 101
List the prime